{"id":57,"date":"2023-09-05T18:33:23","date_gmt":"2023-09-05T09:33:23","guid":{"rendered":"http:\/\/samurai-law.com\/spain\/?page_id=57"},"modified":"2023-09-05T18:34:02","modified_gmt":"2023-09-05T09:34:02","slug":"sub06","status":"publish","type":"page","link":"https:\/\/samurai-law.com\/spain\/sub06\/","title":{"rendered":"\u65e5\u672c\u4eba\u306e\u914d\u5076\u8005\u30d3\u30b6 Visa de c\u00f3nyuge japon\u00e9s"},"content":{"rendered":"<h3><strong>\u65e5\u672c\u4eba\u306e\u914d\u5076\u8005\u30d3\u30b6<br \/>\n<span class=\"ye\">Visa de c\u00f3nyuge japon\u00e9s<\/span><\/strong><\/h3>\n<p><strong>\u65e5\u672c\u4eba\u3068\u7d50\u5a5a\u3057\u3066\u3001\u5916\u56fd\u4eba\u304c\u65e5\u672c\u306b\u4f4f\u3080\u305f\u3081\u306b\u306f\u300c\u65e5\u672c\u4eba\u306e\u914d\u5076\u8005\u7b49\u300d\u3068\u3044\u3046\u30d3\u30b6\u3092\u53d6\u308b\u5fc5\u8981\u304c\u3042\u308a\u307e\u3059\u3002<\/strong><\/p>\n<p>&nbsp;<\/p>\n<p>\u3053\u308c\u306f\u300c\u5a5a\u7d04\u8005\u300d\u3067\u306f\u53d6\u308c\u307e\u305b\u3093\u306e\u3067\u3001\u5fc5\u305a\u5165\u7c4d\u3059\u308b\u5fc5\u8981\u304c\u3042\u308a\u307e\u3059\u3002\u30d3\u30b6\u7533\u8acb\u306f\u5165\u7c4d\u3057\u305f\u5f8c\u306b\u7533\u8acb\u3059\u308b\u3053\u3068\u306b\u306a\u308a\u307e\u3059\u3002<\/p>\n<p>\u3067\u3059\u306e\u3067\u3001\u9006\u306b\u8a00\u3048\u3070\u3001\u5165\u7c4d\u3057\u305f\u306e\u306b\u30d3\u30b6\u304c\u3082\u3089\u3048\u306a\u3044\u3001\u914d\u5076\u8005\u30d3\u30b6\u304c\u4e0d\u8a31\u53ef\u306b\u306a\u3063\u305f\u3068\u3044\u3046\u30b1\u30fc\u30b9\u3082\u767a\u751f\u3059\u308b\u53ef\u80fd\u6027\u304c\u3042\u308a\u307e\u3059\u3002<\/p>\n<p>\n\u7d50\u5a5a\u624b\u7d9a\u306f\u5fc5\u305a\u3067\u304d\u307e\u3059\u304c\u3001\u65e5\u672c\u4eba\u306e\u914d\u5076\u8005\u30d3\u30b6\u306f\u7d50\u5a5a\u3057\u305f\u304b\u3089\u3068\u8a00\u3063\u3066\u5fc5\u305a\u3082\u3089\u3048\u308b\u308f\u3051\u3067\u306f\u306a\u3044\u306e\u3067\u3059\u3002<\/p>\n<p>&nbsp;<\/p>\n<p class=\"ye\"><strong>Para que un extranjero se case con un japon\u00e9s y viva en Jap\u00f3n, es necesario obtener una visa de &#8220;C\u00f3nyuge de ciudadano japon\u00e9s&#8221;<\/strong><\/p>\n<p class=\"ye\">\u00a0<\/p>\n<p class=\"ye\">Esto no es posible con &#8220;comprometidos&#8221;, por lo que debe estar casado en papel. Entonces puede solicitar una visa despu\u00e9s de casarse.<\/p>\n<p class=\"ye\">\u00a0<\/p>\n<p class=\"ye\">Por lo tanto, a la inversa, puede haber casos en los que no se obtenga una visa aunque la persona est\u00e9 registrada, o no se apruebe una visa de c\u00f3nyuge.<\/p>\n<p class=\"ye\">Los procedimientos de matrimonio siempre son posibles, pero no se garantiza que obtendr\u00e1 una visa de c\u00f3nyuge japon\u00e9s solo porque est\u00e1 casado.<\/p>\n<p>&nbsp;<\/p>\n<p>&nbsp;<\/p>\n<p>\u5165\u7c4d\u3057\u305f\u3051\u3069\u30d3\u30b6\u304c\u51fa\u306a\u3044\u3063\u3066\u6700\u60aa\u306a\u4e8b\u3060\u3068\u601d\u3044\u307e\u3059\u3002\u65e5\u672c\u3067\u4e00\u7dd2\u306b\u4f4f\u3081\u306a\u3044\u3067\u3059\u304b\u3089\u3002<\/p>\n<p>&nbsp;<\/p>\n<p>\u306a\u305c\u4e0d\u8a31\u53ef\u306b\u306a\u308b\u53ef\u80fd\u6027\u304c\u3042\u308b\u304b\u3068\u3044\u3046\u3068\u3001\u5165\u56fd\u7ba1\u7406\u5c40\u306e\u5be9\u67fb\u3067\u843d\u3068\u3055\u308c\u308b\u304b\u3089\u3067\u3059\u306d\u3002\u306a\u305c\u306a\u3089\u30d3\u30b6\u76ee\u7684\u306e\u507d\u88c5\u7d50\u5a5a\u304c\u591a\u3044\u304b\u3089\u3067\u3059\u3002\u3088\u304f\u30cb\u30e5\u30fc\u30b9\u306b\u3082\u306a\u3063\u3066\u3044\u308b\u306e\u3092\u898b\u305f\u3053\u3068\u304c\u3042\u308b\u3068\u601d\u3044\u307e\u3059\u3002<\/p>\n<p>&nbsp;<\/p>\n<p>\u3060\u304b\u3089\u914d\u5076\u8005\u30d3\u30b6\u3092\u53d6\u308b\u305f\u3081\u306b\u306f\u3001\u79c1\u305f\u3061\u306e\u7d50\u5a5a\u306f\u3010\u6b63\u771f\u6b63\u9298\u306e\u7d50\u5a5a\u3067\u3042\u3063\u3066\u3001\u507d\u88c5\u7d50\u5a5a\u3067\u306f\u306a\u3044\u3011\u3068\u3044\u3046\u5224\u65ad\u3092\u3057\u3066\u3082\u3089\u3046\u305f\u3081\u306b\u3001\u3057\u3063\u304b\u308a\u3068\u8cc7\u6599\u3092\u6e96\u5099\u3057\u3066\u7533\u8acb\u3059\u308b\u5fc5\u8981\u304c\u3042\u308a\u307e\u3059\u3002<\/p>\n<p>&nbsp;<\/p>\n<p>\u81ea\u5206\u305f\u3061\u306e\u7d50\u5a5a\u306f\u6b63\u771f\u6b63\u9298\u306e\u7d50\u5a5a\u3067\u3042\u308a\u3001\u507d\u88c5\u7d50\u5a5a\u3067\u306a\u3044\u3068\u3044\u3046\u3053\u3068\u3092\u81ea\u5206\u3067\u8a3c\u660e\u3059\u308b\u5fc5\u8981\u304c\u3042\u308a\u307e\u3059\u3002<\/p>\n<p>\u305d\u3057\u3066\u3001\u81ea\u5206\u3067\u8aac\u660e\u3092\u3057\u305f\u308a\u3001\u8a3c\u660e\u3092\u3057\u305f\u308a\u3001\u305d\u306e\u65b9\u6cd5\u304c\u826f\u304f\u306a\u3044\u3068\u3069\u3046\u306a\u308b\u304b\uff1f<\/p>\n<p>&nbsp;<\/p>\n<p class=\"ye\">Creo que es lo peor que puede pasar, casarse, pero no obtener una visa. Porque no podr\u00e1n vivir juntos en Jap\u00f3n.<\/p>\n<p class=\"ye\">\u00a0<\/p>\n<p class=\"ye\">La raz\u00f3n por la que existe la posibilidad de desaprobaci\u00f3n es que est\u00e1 descartada por la evaluaci\u00f3n de inmigraci\u00f3n. Porque hay muchos matrimonios falsos para obtener visas. He visto muchas noticias en la televisi\u00f3n.<\/p>\n<p class=\"ye\">Por lo tanto, para obtener una visa de c\u00f3nyuge, debemos preparar y solicitar un documento para tomar la decisi\u00f3n de que nuestro matrimonio es un matrimonio genuino, no falso.<\/p>\n<p class=\"ye\">Usted mismo debe demostrar que su matrimonio es genuino y no falso.<\/p>\n<p class=\"ye\">Y qu\u00e9 pasa si explic\u00e1ndolo uno mismo, tratando de demostrar o las maneras de comprobar que no funciona, qu\u00e9 pasa?<\/p>\n<p>&nbsp;<\/p>\n<p>&nbsp;<\/p>\n<p>&nbsp;<\/p>\n<p><strong>\u3010\u507d\u88c5\u7d50\u5a5a\u3067\u306f\u306a\u3044\u306e\u306b\u4e0d\u8a31\u53ef\u306b\u306a\u3063\u3066\u3057\u307e\u3046\u3011\u3001\u3068\u3044\u3046\u306e\u304c\u914d\u5076\u8005\u30d3\u30b6\u306e\u7279\u5fb4\u3067\u3059\u3002<\/strong><\/p>\n<p>&nbsp;<\/p>\n<p>\u305d\u3057\u3066\u5dee\u5225\u3058\u3083\u306a\u3044\u3067\u3059\u3051\u3069\u30a2\u30b8\u30a2\u306e\u65b9\u3068\u306e\u7d50\u5a5a\u306e\u307b\u3046\u304c\u3001\u6b27\u7c73\u306e\u65b9\u3068\u306e\u7d50\u5a5a\u306b\u6bd4\u3079\u3066\u5be9\u67fb\u304c\u53b3\u3057\u3044\u3068\u306f\u601d\u3044\u307e\u3059\u3002\u305d\u308c\u306f\u30a2\u30b8\u30a2\u51fa\u8eab\u306e\u65b9\u306e\u307b\u3046\u304c\u904e\u53bb\u3001\u507d\u88c5\u7d50\u5a5a\u304c\u591a\u304b\u3063\u305f\u304b\u3089\u3060\u3068\u601d\u3044\u307e\u3059\u3002<\/p>\n<p>&nbsp;<\/p>\n<p>\u306a\u306e\u3067\u3001\u7533\u8acb\u306e\u8aac\u660e\u8cac\u4efb\u306f\u81ea\u5206\u306b\u3042\u308b\u3001\u305d\u308c\u3082\u4e01\u5be7\u306b\u8aac\u660e\u3057\u3066\u3001\u304b\u3064\u305d\u308c\u3092\u8a3c\u660e\u3057\u306a\u3051\u308c\u3070\u306a\u3089\u306a\u3044\u3068\u3044\u3046\u3053\u3068\u3092\u5ff5\u982d\u306b\u304a\u3044\u3066\u307b\u3057\u3044\u306e\u3067\u3001\u3042\u307e\u308a\u8efd\u304f\u8003\u3048\u308b\u3053\u3068\u306f\u3057\u306a\u3044\u3067\u624b\u7d9a\u304d\u3092\u9032\u3081\u3066\u3044\u3063\u3066\u307b\u3057\u3044\u3068\u601d\u3044\u307e\u3059\u3002<\/p>\n<p class=\"ye\">\u00a0<\/p>\n<p class=\"ye\"><strong>Una visa de c\u00f3nyuge se caracteriza por el hecho de que [desaprobaci\u00f3n, incluso si no se trata de un matrimonio falso].<\/strong><\/p>\n<p class=\"ye\">\u00a0<\/p>\n<p class=\"ye\">No es por discriminar, pero al parecer el matrimonio con asi\u00e1ticos es m\u00e1s estricto que el matrimonio con europeos y americanos. Es porque los asi\u00e1ticos han tenido m\u00e1s matrimonios falsos en el pasado.<\/p>\n<p>&nbsp;<\/p>\n<p class=\"ye\">Por eso quiero que tenga en cuenta que es el responsable de su solicitud y que debe explicarlo detenidamente y comprobarlo. Le aconsejamos que proceda sin que le resulte f\u00e1cil.<\/p>\n<p>&nbsp;<\/p>\n<p>&nbsp;<\/p>\n<p><strong>\u7279\u306b\u4e0d\u8a31\u53ef\u306b\u306a\u308a\u3084\u3059\u3044\u30b1\u30fc\u30b9\u306f\u4e0b\u8a18\u306e\uff19\u30d1\u30bf\u30fc\u30f3\u3067\u3059\u3002<\/strong><\/p>\n<div class=\"kakko\">\n<p><strong>\u30fb\u592b\u5a66\u306e\u5e74\u9f62\u5dee\u304c\u5927\u304d\u3044\u5834\u5408<br \/>\n\u30fb\u7d50\u5a5a\u7d39\u4ecb\u6240\u306e\u304a\u898b\u5408\u3044\u306b\u3088\u308b\u7d50\u5a5a\u306e\u5834\u5408<br \/>\n\u30fb\u51fa\u4f1a\u3044\u7cfb\u30b5\u30a4\u30c8\u3067\u77e5\u308a\u5408\u3063\u305f\u5834\u5408<br \/>\n\u30fb\u65e5\u672c\u4eba\u306e\u914d\u5076\u8005\u5074\u306e\u53ce\u5165\u304c\u4f4e\u3044\u5834\u5408\uff08\u30a2\u30eb\u30d0\u30a4\u30c8\u30fb\u30d5\u30ea\u30fc\u30bf\u30fc\u30fb\u7121\u8077\u306a\u3069\uff09<br \/>\n\u30fb\u65e5\u672c\u4eba\u306e\u914d\u5076\u8005\u5074\u306b\u904e\u53bb\u5916\u56fd\u4eba\u3068\u306e\u96e2\u5a5a\u6b74\u304c\u8907\u6570\u3042\u308b\u5834\u5408\u3002\u307e\u305f\u306f\u305d\u306e\u9006\u306e\u30d1\u30bf\u30fc\u30f3<br \/>\n\u30fb\u51fa\u4f1a\u3044\u304c\u30b9\u30ca\u30c3\u30af\u3001\u30ad\u30e3\u30d0\u30af\u30e9\u306a\u3069\u306e\u6c34\u5546\u58f2\u306e\u304a\u5e97\u306e\u5834\u5408<br \/>\n\u30fb\u4ea4\u969b\u671f\u9593\u304c\u304b\u306a\u308a\u77ed\u3044\u5834\u5408<br \/>\n\u30fb\u4ea4\u969b\u671f\u9593\u3092\u8a3c\u660e\u3067\u304d\u308b\u5199\u771f\u3092\u307b\u3068\u3093\u3069\u64ae\u3063\u3066\u304d\u3066\u306a\u304b\u3063\u305f\u5834\u5408<br \/>\n\u30fb\u7d50\u5a5a\u5f0f\u3092\u884c\u3063\u3066\u3044\u306a\u3044\u5834\u5408<br \/>\n\u30fb\u4e0d\u502b\u3067\u306e\u4ea4\u969b<\/strong><\/p>\n<\/div>\n<p class=\"ye\">\u00a0<\/p>\n<p class=\"ye\"><strong>Es probable que los siguientes 9 patrones sean los m\u00e1s f\u00e1ciles de desaprobar.<\/strong><\/p>\n<div class=\"kakko\">\n<p class=\"ye\"><strong>\u30fb<\/strong><strong> Cuando la diferencia de edad entre las parejas es grande<\/strong><\/p>\n<p class=\"ye\"><strong>\u30fb<\/strong><strong> En caso de matrimonio realizado por agencia matrimonial<\/strong><\/p>\n<p class=\"ye\"><strong>\u30fb<\/strong><strong> Si se conocieron en un sitio de citas<\/strong><\/p>\n<p class=\"ye\"><strong>\u30fb<\/strong><strong> Si los ingresos del c\u00f3nyuge japon\u00e9s son bajos (trabajo a tiempo parcial, trabajo m\u00e1s libre, desempleado, etc.)<\/strong><\/p>\n<p class=\"ye\"><strong>\u30fb<\/strong><strong> Cuando hay varias historias de divorcio con extranjeros por parte del c\u00f3nyuge japon\u00e9s. o viceversa<\/strong><\/p>\n<p class=\"ye\"><strong>\u30fb<\/strong><strong> Al encontrarte con tu pareja en establecimientos nocturnos, como snacks o clubes de cabaret<\/strong><\/p>\n<p class=\"ye\"><strong>\u30fb<\/strong><strong> Cuando el per\u00edodo de conocerse es bastante corto<\/strong><\/p>\n<p class=\"ye\"><strong>\u30fb<\/strong><strong> Cuando no tiene fotos para probar el per\u00edodo de citas<\/strong><\/p>\n<p class=\"ye\"><strong>\u30fb<\/strong><strong> Si no hicieron boda<\/strong><\/p>\n<p class=\"ye\"><strong>\u30fbCitas en adulterio<\/strong><\/p>\n<\/div>\n<p>&nbsp;<\/p>\n<p>\u3067\u306f\u3001\u65e5\u672c\u4eba\u306e\u914d\u5076\u8005\u30d3\u30b6\u306e\u624b\u7d9a\u304d\u65b9\u6cd5\u306b\u3064\u3044\u3066\u8aac\u660e\u3057\u305f\u3044\u3068\u601d\u3044\u307e\u3059\u3002\u56fd\u969b\u7d50\u5a5a\u306e\u30d1\u30bf\u30fc\u30f3\u306a\u306e\u3067\u3059\u304c\u5927\u304d\u304f\u8003\u3048\u3066\uff12\u3064\u3042\u308b\u3068\u601d\u3044\u307e\u3059\u3002<\/p>\n<p>&nbsp;<\/p>\n<p><strong>\u25cf\uff11\u3064\u306f\u5916\u56fd\u4eba\u304c\u307e\u3060\u6d77\u5916\u306b\u3044\u308b\u5834\u5408<\/strong><\/p>\n<p>\u3068<\/p>\n<p><strong>\u25cf\uff12\u3064\u306f\u5916\u56fd\u4eba\u304c\u3082\u3046\u65e5\u672c\u3067\u751f\u6d3b\u3057\u3066\u3044\u308b\u5834\u5408\u3067\u3059\u3002<\/strong><\/p>\n<p>&nbsp;<\/p>\n<p>\uff11\u3064\u76ee\u306e\u3001\u5916\u56fd\u4eba\u914d\u5076\u8005\u304c\u6d77\u5916\u306b\u4f4f\u3093\u3067\u3044\u308b\u5834\u5408\u306a\u3093\u3067\u3059\u304c\u3001\u300c\u65e5\u672c\u306b\u547c\u3073\u5bc4\u305b\u308b\u300d\u3068\u3044\u3046\u3053\u3068\u306b\u306a\u308a\u307e\u3059\u3002<\/p>\n<p>&nbsp;<\/p>\n<p>\u305d\u306e\u5834\u5408\u306b\u3001\u51fa\u4f1a\u3044\u306f\u5927\u304d\u304f\u5206\u3051\u308b\u3068\uff12\u3064\u3042\u3063\u3066\u3001\uff11\u3064\u306f\u65e5\u672c\u4eba\u306e\u65b9\u304c\u4ed5\u4e8b\u3067\u6d77\u5916\u3078\u99d0\u5728\u3057\u3066\u3044\u305f\u3068\u304b\u3001\u3042\u308b\u3044\u306f\u7559\u5b66\u3057\u3066\u3044\u305f\u3068\u304b\u3067\u73fe\u5730\u3067\u77e5\u308a\u5408\u3063\u3066\u7d50\u5a5a\u3057\u305f\u5834\u5408\u3067\u3059\u3002\u3082\u3046\u3072\u3068\u3064\u306f\u7d50\u5a5a\u7d39\u4ecb\u6240\u3067\u56fd\u969b\u7d50\u5a5a\u304a\u898b\u5408\u3044\u3092\u3057\u3066\u7d50\u5a5a\u3057\u305f\u30b1\u30fc\u30b9\u3067\u3059\u3002<\/p>\n<p>&nbsp;<\/p>\n<p class=\"ye\">Ahora, me gustar\u00eda explicar c\u00f3mo solicitar una visa de c\u00f3nyuge japon\u00e9s. Hay dos patrones de matrimonio internacional.<\/p>\n<p class=\"ye\">\u00a0<\/p>\n<p class=\"ye\"><strong>\u25cfUno es cuando el extranjero todav\u00eda est\u00e1 en el extranjero.<\/strong><\/p>\n<p class=\"ye\">y<\/p>\n<p class=\"ye\"><strong>\u25cfEl segundo es cuando el extranjero ya est\u00e1 viviendo en Jap\u00f3n.<\/strong><\/p>\n<p>&nbsp;<\/p>\n<p class=\"ye\">En el primer caso, cuando el c\u00f3nyuge extranjero vive en el extranjero, significa &#8220;llamarlo a Jap\u00f3n&#8221;.<\/p>\n<p class=\"ye\">\u00a0<\/p>\n<p class=\"ye\">Dans ce cas, il existe deux principaux types de rencontres. Le premi\u00e8re type, c\u2019est lorsque qu\u2019une personne japonaise travaille ou \u00e9tudie \u00e0 l&#8217;\u00e9tranger, qu\u2019elle rencontre quelqu\u2019un localement et se marie. L&#8217;autre cas, c\u2019est un mariage dans le cadre d&#8217;un arrangement matrimonial international dans une agence matrimoniale.<\/p>\n<p>&nbsp;<\/p>\n<p>\u6d77\u5916\u3067\u7d50\u5a5a\u3057\u305f\u5834\u5408\u306f\u5916\u56fd\u4eba\u306e\u592b\u30fb\u59bb\u306f\u30d3\u30b6\u304c\u3042\u308a\u307e\u305b\u3093\u306e\u3067\u3001\u89b3\u5149\u306a\u3069\u3067\u5165\u3063\u3066\u304f\u308b\u3053\u3068\u306f\u3067\u304d\u307e\u3059\u304c\u3001\u6b63\u898f\u306e\u9577\u671f\u30d3\u30b6\u306f\u307e\u3060\u306a\u3044\u72b6\u614b\u3067\u3059\u3002\u3053\u306e\u5834\u5408\u306f\u3001\u307e\u305a\u65e5\u672c\u306e\u5165\u56fd\u7ba1\u7406\u5c40\u306b\u300c\u5728\u7559\u8cc7\u683c\u8a8d\u5b9a\u8a3c\u660e\u66f8\u300d\u3068\u3044\u3046\u3082\u306e\u3092\u7533\u8acb\u3057\u307e\u3059\u3002\u5be9\u67fb\u304c\u901a\u308b\u3068\u300c\u5728\u7559\u8cc7\u683c\u8a8d\u5b9a\u8a3c\u660e\u66f8\u300d\u3068\u3044\u3046\u3082\u306e\u304c\u3082\u3089\u3048\u307e\u3059\u306e\u3067\u3001\u3053\u308c\u3092\u6d77\u5916\u306b\u3044\u308b\u5916\u56fd\u4eba\u306e\u592b\u30fb\u59bb\u306b\u9001\u308a\u307e\u3059\u3002\u305d\u3057\u3066\u73fe\u5730\u306e\u65e5\u672c\u9818\u4e8b\u9928\u3067\u3053\u306e\u8a3c\u660e\u66f8\u3092\u6dfb\u4ed8\u3057\u3066\u7533\u8acb\u3057\u3066\u73fe\u5730\u3067\u30d3\u30b6\u3092\u3082\u3089\u3044\u307e\u3059\u3002\u305d\u3057\u3066\u65e5\u672c\u306b\u6765\u308b\u3068\u3044\u3046\u3053\u3068\u306b\u306a\u308a\u307e\u3059\u3002<\/p>\n<p>&nbsp;<\/p>\n<p>\u3067\u306f\u6b21\u306f\u3001\u65e5\u672c\u306b\u4f4f\u3093\u3067\u3044\u308b\u5916\u56fd\u4eba\u3068\u65e5\u672c\u3067\u7d50\u5a5a\u3057\u305f\u5834\u5408\u3067\u3059\u3002\u7559\u5b66\u751f\u3068\u304b\u3001\u793e\u4f1a\u4eba\u306e\u5916\u56fd\u4eba\u304c\u5f53\u3066\u306f\u307e\u308a\u307e\u3059\u3002\u65e2\u306b\u65e5\u672c\u306b\u4f4f\u3093\u3067\u3044\u308b\u5916\u56fd\u4eba\u3068\u65e5\u672c\u4eba\u304c\u7d50\u5a5a\u3057\u305f\u5834\u5408\u3067\u3059\u3002<\/p>\n<p>&nbsp;<\/p>\n<p>\u3053\u306e\u5834\u5408\u306f\u5916\u56fd\u4eba\u306e\u592b\u30fb\u59bb\u306f\u3082\u3046\u5c31\u52b4\u30d3\u30b6\u304b\u7559\u5b66\u30d3\u30b6\u306f\u6301\u3063\u3066\u3044\u307e\u3059\u3002\u3053\u306e\u5834\u5408\u306f\u30d3\u30b6\u306e\u7a2e\u985e\u3092\u5909\u66f4\u3059\u308b\u3053\u3068\u306b\u306a\u308a\u307e\u3059\u3002\u73fe\u5728\u6301\u3063\u3066\u3044\u308b\u30d3\u30b6\u304b\u3089\u65e5\u672c\u4eba\u306e\u914d\u5076\u8005\u7b49\u3068\u3044\u3046\u30d3\u30b6\u306b\u5909\u66f4\u3057\u307e\u3059\u3002\u300c\u5728\u7559\u8cc7\u683c\u5909\u66f4\u8a31\u53ef\u7533\u8acb\u300d\u306b\u306a\u308a\u307e\u3059\u3002<\/p>\n<p>&nbsp;<\/p>\n<p class=\"ye\">En ese caso, hay dos tipos principales de c\u00f3mo se conocieron: uno es cuando el japon\u00e9s trabaja en el extranjero o estuvo estudiando en el extranjero, se conocen localmente y se casan. El otro es un caso de casarse a trav\u00e9s de un arreglo matrimonial internacional en una agencia matrimonial.<\/p>\n<p class=\"ye\">\u00a0<\/p>\n<p class=\"ye\">Si se casan en el extranjero, el c\u00f3nyuge extranjero no tiene visa, por lo que puede venir a hacer turismo, etc., pero todav\u00eda no cuenta con una visa oficial a largo plazo. En este caso, primero, solicite un \u201cCertificado de Elegibilidad\u201d en la Oficina de Inmigraci\u00f3n de Jap\u00f3n. Si la evaluaci\u00f3n resulta exitosa, recibir\u00e1 un &#8220;certificado de elegibilidad para el estado de residencia&#8221;, que enviar\u00e1 a su esposo o esposa extranjera en el extranjero. Luego, adjunte este certificado al consulado japon\u00e9s local y solic\u00edtelo y obtenga una visa all\u00ed. Y vendr\u00e1 a Jap\u00f3n.<\/p>\n<p class=\"ye\">\nEl siguiente es el caso de casarse en Jap\u00f3n con un extranjero que vive en Jap\u00f3n. Esto se aplica a los estudiantes internacionales y extranjeros que trabajan. Este es el caso cuando un extranjero que ya vive en Jap\u00f3n y un japon\u00e9s se casan.<\/p>\n<p class=\"ye\">En este caso, el esposo \/ esposa extranjera ya tiene una visa de trabajo o una visa de estudiante. En este caso, deber\u00e1 cambiar su tipo de visa. Es el cambio de visa actual a una visa de c\u00f3nyuge japon\u00e9s. Ser\u00e1 &#8220;Solicitud de cambio de estado de residencia&#8221;.<\/p>\n<p>&nbsp;<\/p>\n<p>\u4f55\u5e74\u306e\u30d3\u30b6\u30fb\u5728\u7559\u8cc7\u683c\u304c\u3082\u3089\u3048\u308b\u304b\u3068\u3044\u3046\u306e\u306f\u3001\u5a5a\u59fb\u671f\u9593\u3001\u5a5a\u59fb\u306e\u4fe1\u3074\u3087\u3046\u6027\u3001\u5b89\u5b9a\u6027\u3001\u7d99\u7d9a\u6027\u3001\u5bb6\u65cf\u69cb\u6210\uff08\u5b50\u3069\u3082\u3044\u308b\u304b\u3069\u3046\u304b\uff09\u3092\u5be9\u67fb\u3057\u3066\u7d50\u679c\u304c\u3067\u307e\u3059\u304c\u3001\u901a\u5e38\u306f\u6700\u521d1\u5e74\u3067\u3059\u3002\u305d\u308c\u3067\u6b21\u56de\u66f4\u65b0\u306e\u6642\u306b3\u5e74\u304c\u51fa\u305f\u308a\u3057\u307e\u3059\u306d\u3002<\/p>\n<p>&nbsp;<\/p>\n<p><strong>\u300c\u914d\u5076\u8005\u30d3\u30b6\u306e\u7533\u8acb\u3067\u306f\u4f55\u3092\u805e\u304b\u308c\u308b\u306e\u304b\uff1f\u300d<\/strong><\/p>\n<p>&nbsp;<\/p>\n<p>\u4ea4\u969b\u306e\u7d4c\u7def\u3092\u3059\u3079\u3066\u805e\u304b\u308c\u308b\u3053\u3068\u306b\u306a\u308a\u307e\u3059\u3002\u305d\u3053\u306b\u30d7\u30e9\u30a4\u30d0\u30b7\u30fc\u3068\u3044\u3046\u3082\u306e\u306f\u3001\u307b\u3068\u3093\u3069\u5b58\u5728\u3057\u307e\u305b\u3093\u3002\u53e3\u982d\u3067\u805e\u304b\u308c\u308b\u308f\u3051\u3067\u306f\u306a\u304f\u3001\u6587\u66f8\u3067\u56de\u7b54\u3059\u308b\u5f62\u3067\u3059\u304c\u3001\u305f\u3068\u3048\u3070\u3001\u914d\u5076\u8005\u30d3\u30b6\u306e\u7533\u8acb\u3067\u306f\u300c\u8cea\u554f\u66f8\u300d\u3068\u3044\u3046\u66f8\u985e\u304c\u3042\u308a\u3001\u305d\u308c\u306b\u56de\u7b54\u3057\u306a\u3051\u308c\u3070\u306a\u308a\u307e\u305b\u3093\u3002<\/p>\n<p>&nbsp;<\/p>\n<p>\u305d\u306e\u8cea\u554f\u5185\u5bb9\u306f\u3001\u300c\u521d\u3081\u3066\u77e5\u308a\u5408\u3063\u305f\u6642\u671f\u300d\u300c\u5834\u6240\u300d\u300c\u7d50\u5a5a\u307e\u3067\u306e\u3044\u304d\u3055\u3064\u300d\u300c\u7d39\u4ecb\u3092\u53d7\u3051\u305f\u304b\u300d\u300c\u7d39\u4ecb\u3092\u53d7\u3051\u305f\u3044\u304d\u3055\u3064\u300d\u300c\u96e2\u5a5a\u6b74\u304c\u3042\u308b\u304b\u300d\u306a\u3069\u306a\u3069\u3001\u305d\u306e\u4ed6\u306b\u3082\u5e74\u6708\u65e5\u3092\u793a\u3057\u306a\u304c\u3089\u6587\u66f8\u3067\u8aac\u660e\u3059\u308b\u3068\u3044\u3046\u5f62\u306b\u306a\u308a\u307e\u3059\u3002\u307e\u305f\u3001\u4e8c\u4eba\u306e\u5199\u771f\u306f\u73fe\u5b9f\u7684\u306b\u306f\u5fc5\u9808\u66f8\u985e\u3067\u3059\u3002<\/p>\n<p>&nbsp;<\/p>\n<p>\u5165\u56fd\u7ba1\u7406\u5c45\u306f\u507d\u88c5\u7d50\u5a5a\u3067\u306e\u914d\u5076\u8005\u30d3\u30b6\u53d6\u5f97\u9632\u6b62\u306e\u305f\u3081\u3001\u8a73\u3057\u304f\u7a81\u3063\u8fbc\u3093\u3067\u805e\u3044\u3066\u3044\u308b\u306e\u3067\u3042\u307e\u308a\u6c17\u3092\u60aa\u304f\u3057\u306a\u3044\u3088\u3046\u306b\u304a\u9858\u3044\u305f\u3057\u307e\u3059\u3002<\/p>\n<p>&nbsp;<\/p>\n<p class=\"ye\">La duraci\u00f3n de la visa y el estado de residencia para el que se le otorgar\u00e1 depende de la duraci\u00f3n del matrimonio, la autenticidad del matrimonio, la estabilidad y continuidad del matrimonio y la estructura familiar (si tiene hijos o no). Normalmente primero se otorga por un a\u00f1o y en la renovaci\u00f3n se les puede dar 3 a\u00f1os.<\/p>\n<p>&nbsp;<\/p>\n<p class=\"ye\"><strong>\u201cQu\u00e9 se les preguntan al solicitar una visa de c\u00f3nyuge?\u201d<\/strong><\/p>\n<p>&nbsp;<\/p>\n<p class=\"ye\">Se le preguntar\u00e1n todos los detalles de su relaci\u00f3n. La privacidad es casi inexistente all\u00ed. No es una entrevista presencial, sino que se les pide una respuesta escrita. Por ejemplo, al solicitar una visa de c\u00f3nyuge, hay un documento llamado &#8220;cuestionario&#8221; que debe ser respondido.<\/p>\n<p>&nbsp;<\/p>\n<p class=\"ye\">Las preguntas incluyen \u201c\u00bfCu\u00e1ndo se conocieron por primera vez?&#8221;, \u201c\u00bfD\u00f3nde?&#8221;, \u201c\u00bfC\u00f3mo llegaron a casarse?&#8221;, \u201c\u00bfHan sido presentados?&#8221;, \u201c\u00bfC\u00f3mo fueron presentados?&#8221;, \u201c\u00bfAlguna vez se han divorciado? &#8221;, entre otras preguntas. Ser\u00e1 en forma de explicaci\u00f3n por escrito demostrando fechas y a\u00f1os. Adem\u00e1s, las fotos de los dos son documentos pr\u00e1cticamente obligatorios.<\/p>\n<p>&nbsp;<\/p>\n<p class=\"ye\">La oficina de inmigraci\u00f3n le preguntar\u00e1 en detalle para evitar la adquisici\u00f3n de una visa de c\u00f3nyuge a trav\u00e9s de un matrimonio falso, as\u00ed que no se ofenda.<\/p>\n","protected":false},"excerpt":{"rendered":"<p>\u65e5\u672c\u4eba\u306e\u914d\u5076\u8005\u30d3\u30b6 Visa de c\u00f3nyuge japon\u00e9s \u65e5\u672c\u4eba\u3068\u7d50\u5a5a\u3057\u3066\u3001\u5916\u56fd\u4eba\u304c\u65e5\u672c\u306b\u4f4f\u3080\u305f\u3081\u306b\u306f\u300c\u65e5\u672c\u4eba\u306e\u914d\u5076\u8005\u7b49\u300d\u3068\u3044\u3046\u30d3\u30b6\u3092\u53d6\u308b\u5fc5\u8981\u304c\u3042\u308a\u307e\u3059\u3002 &nbsp; \u3053\u308c\u306f\u300c\u5a5a\u7d04\u8005\u300d\u3067\u306f\u53d6\u308c\u307e\u305b\u3093\u306e\u3067\u3001\u5fc5\u305a &#8230;<\/p>\n","protected":false},"author":1,"featured_media":0,"parent":0,"menu_order":0,"comment_status":"closed","ping_status":"closed","template":"","meta":{"footnotes":""},"class_list":["post-57","page","type-page","status-publish","hentry"],"_links":{"self":[{"href":"https:\/\/samurai-law.com\/spain\/wp-json\/wp\/v2\/pages\/57","targetHints":{"allow":["GET"]}}],"collection":[{"href":"https:\/\/samurai-law.com\/spain\/wp-json\/wp\/v2\/pages"}],"about":[{"href":"https:\/\/samurai-law.com\/spain\/wp-json\/wp\/v2\/types\/page"}],"author":[{"embeddable":true,"href":"https:\/\/samurai-law.com\/spain\/wp-json\/wp\/v2\/users\/1"}],"replies":[{"embeddable":true,"href":"https:\/\/samurai-law.com\/spain\/wp-json\/wp\/v2\/comments?post=57"}],"version-history":[{"count":8,"href":"https:\/\/samurai-law.com\/spain\/wp-json\/wp\/v2\/pages\/57\/revisions"}],"predecessor-version":[{"id":65,"href":"https:\/\/samurai-law.com\/spain\/wp-json\/wp\/v2\/pages\/57\/revisions\/65"}],"wp:attachment":[{"href":"https:\/\/samurai-law.com\/spain\/wp-json\/wp\/v2\/media?parent=57"}],"curies":[{"name":"wp","href":"https:\/\/api.w.org\/{rel}","templated":true}]}}